 + 8. List the prime factors of y.
2, 5
Let y(o) = o**2 + 5*o + 2. Let b be y(-5). What are the prime factors of 12/4 + (15 - b)?
2
Let k = 47 + -73. Let t = k + 43. Suppose 0 = 4*u - t - 55. List the prime factors of u.
2, 3
Let z = 90 + -14. List the prime factors of z.
2, 19
Suppose -2*g - 12 = -4*h - 50, 5*h = -2*g - 34. Let x(n) be the first derivative of n**4/4 + 3*n**3 + 9*n**2/2 + 11*n + 2. What are the prime factors of x(h)?
3
Suppose 2*o + 4*o = 0. Let j = 5 - o. What are the prime factors of j?
5
Let l be (-26)/(-8) + (-3)/(-4). What are the prime factors of (-54)/l*(-4)/6?
3
List the prime factors of 138*1/(9/6).
2, 23
Suppose 24 - 117 = -3*f. Suppose -2*y + f = 5*r, -3*y = -0*r + 5*r - 49. Suppose -2*g = -4*g + y. List the prime factors of g.
3
Suppose -30 = -4*p - 2*a, 3*a + 30 = 3*p + 2*a. What are the prime factors of p?
3
Let i(l) = 23*l - 3. List the prime factors of i(3).
2, 3, 11
Let d = -98 + 198. What are the prime factors of d?
2, 5
Suppose 3*m = -12, -5*y = -2*m + 29 - 172. List the prime factors of y.
3
Let u(y) = 1. Let x(r) = -3*r - 15. Let i(v) = -45*u(v) - 3*x(v). List the prime factors of i(5).
3, 5
Let q(l) = -3*l - 3 + 4*l + 4. Let p be q(-4). Let u(m) = -3*m - 1. List the prime factors of u(p).
2
Let x(r) = -2*r + 1. Let m be x(-4). Suppose 2*h - 7 - 5 = 0. Let f = h + m. What are the prime factors of f?
3, 5
Let w(h) = -h**3 - 9*h**2 - 8*h + 5. Let y be w(-8). Suppose -4*k = -y*k - 5. Let a = k - -16. What are the prime factors of a?
11
Let q be 16/(-6) - 2/(-3). Let j = q + 15. List the prime factors of j.
13
Let t = -13 + 27. Let d = -27 + t. Let b = d - -21. What are the prime factors of b?
2
Let k(p) = -3*p**3 + p**2 + 2*p. Let j(o) = -2*o**3 + o**2 + o. Let w(r) = 7*j(r) - 5*k(r). What are the prime factors of w(2)?
2, 5
Let x(p) = -61*p + 2. List the prime factors of x(-1).
3, 7
Suppose -2*v - 45 = -4*v - 5*q, -3*q + 35 = 2*v. Suppose 3*o + v = -5*c, -4 = 2*c - 2*o + o. What are the prime factors of c/5 + (-714)/(-35)?
2, 5
Suppose -q - l - 36 = -2*q, 5*q + 4*l = 198. Let c = q - 3. What are the prime factors of c?
5, 7
Let p(v) = -v**2 - 5*v + 2. Let n be p(-5). Let k = n - -2. Suppose 0 = -3*c - q + 16, -k*c + 3*q + 45 = 15. What are the prime factors of c?
2, 3
Suppose -x = 2*x - 24. Suppose -1 = 3*z - 10. Let v = x - z. What are the prime factors of v?
5
What are the prime factors of 21 + 0 + 4 + 0?
5
Suppose 4*o - 8*o - 24 = 0. Let f(p) = p + 9. Let k be f(o). Suppose d - 9 = -3*a, -d - 7*a = -k*a - 9. List the prime factors of d.
3
Let v = -131 - -185. What are the prime factors of v?
2, 3
Let z(f) = -f**2 - f + 2. Let l be z(0). Suppose -3*b = -2*m + 7*m - 94, l*b + 3*m - 62 = 0. Let j = b + -20. List the prime factors of j.
2
Let t = -14 - -11. Let u = -1 - t. What are the prime factors of -3 + (2 - -1) + u?
2
Suppose -5*c - 16 = -3*r, 4*r + 4*c = 2*c - 22. Let u = 5 + r. What are the prime factors of u?
2
Let u(c) = -5*c**3 - c**2 - c + 1. Let v be u(1). Let l(h) = -h**3 + 5*h**2 - 3*h + 4. Let f be l(4). Let g = f + v. What are the prime factors of g?
2
Let j(b) = 2*b**2 - 3*b - 3. Let v be j(3). What are the prime factors of v/((-3 - -2)*-1)?
2, 3
Let z(k) = -k**2 + 3*k + 3. Let u be z(3). Suppose -u*b + 6 = 0, 0 = 3*q - 0*b - 5*b + 25. What are the prime factors of ((-2)/q)/((-3)/(-75))?
2, 5
Let u = -2 - -4. Let g = 8 - u. Let n = g - 3. List the prime factors of n.
3
Suppose -7*k + 3*k + 172 = 0. Suppose 233 = -5*i - 3*o, 2*i - 3*o + k = i. Let s = -27 - i. What are the prime factors of s?
19
Suppose 4*h = -h + 105. Suppose o - h = -2*v, -v - 68 = -4*o + 43. List the prime factors of o.
3
Let l = -99 - -151. What are the prime factors of l?
2, 13
Let l = 6 - 4. Suppose -a + l = -9. What are the prime factors of a?
11
List the prime factors of ((-2)/6)/(20/(-4860)).
3
Suppose -1 = -2*m - 37. Let f = 29 + m. List the prime factors of f.
11
Let l = 26 + -18. List the prime factors of l.
2
Suppose 3*l + 4*f = -38, -2*l = -5*f - 9 - 4. Let v be (64/(-6) - -2)*l. Suppose 3*c + 2*c = 4*p + v, -c - 4*p = -20. List the prime factors of c.
2, 3
Suppose 0*x = 3*x - 54. Let s = 7 - x. Let j = 21 + s. List the prime factors of j.
2, 5
Let b = 45 + -17. What are the prime factors of b?
2, 7
Let a(p) = -p - 3. Let b be a(-8). Suppose -g + 2*h + 22 = 3*h, -b*g + 110 = -h. List the prime factors of g.
2, 11
Suppose -3*d = -5*o, -d - o + 2*o = -2. List the prime factors of d.
5
What are the prime factors of (-9 + 6)/((-6)/134)?
67
Suppose 222 = -2*j + 3*j. What are the prime factors of j?
2, 3, 37
Let k(w) = w**3 + 9*w**2 - 9*w + 14. Let c be k(-10). Suppose 118 = 5*q - m, -2*q + 7*q = c*m + 112. List the prime factors of q.
2, 3
Suppose -86 = -5*q - 31. What are the prime factors of q?
11
List the prime factors of 3 - 1676/(-14) - (-6)/21.
3, 41
Let l(d) = d + 3 - 2*d - 7. Let f be l(-5). What are the prime factors of -2 + 8 + 1/f?
7
Let u(s) = 2*s - 3. Suppose -4*x + x + 6 = 0. Suppose -4*h - f = -17, 3*f = -x*h + 6*h - 13. List the prime factors of u(h).
5
Suppose -14*h + 4841 - 1229 = 0. What are the prime factors of h?
2, 3, 43
Let a(g) = -g**2 + 9*g + 8. Let z be a(10). Let s be -3*(0 + 4/6). List the prime factors of s/(-4) + (-27)/z.
2, 7
What are the prime factors of 524/9 - (-2)/(-9)?
2, 29
Let g(w) be the second derivative of w**3 + w. Let z(s) = -s + 4. Let h be z(3). What are the prime factors of g(h)?
2, 3
Suppose 0 = -5*p + 18*p - 351. List the prime factors of p.
3
Let f = 854 - 586. List the prime factors of f.
2, 67
Let f be (-2)/(-8) - 201/(-12). Let p = 5 + f. Let j = p + -16. List the prime factors of j.
2, 3
Suppose 0 = 5*b - 18 - 237. What are the prime factors of b?
3, 17
Let q be (-4)/(-16) + 182/8. Let a(p) = -p**2 + 4*p - 6. Let w be a(5). Let u = q + w. List the prime factors of u.
2, 3
Let m = -49 + 138. List the prime factors of m.
89
Suppose -4*d + 55 = -9*d. Let l = d - -29. Suppose 3 = -5*w + l. List the prime factors of w.
3
Let g = -22 + 52. Let o be (21/(-4))/((-2)/8). Let y = g - o. List the prime factors of y.
3
Let v = 62 - -186. What are the prime factors of v?
2, 31
Let p(s) = s**2 - 6. Let r be p(4). Let z(h) = h + 7. What are the prime factors of z(r)?
17
Let k(a) = a**3 + 3*a**2 - a. Let d be k(2). Let p = -6 + d. What are the prime factors of p?
2, 3
Suppose 0*m = -3*m. Let c be m + (0 - 0) - 2. Let u(a) = -4*a - 3. What are the prime factors of u(c)?
5
Suppose x + 7 = 31. Suppose 2*r - x = -q - 2*r, -5*r = -2*q + 9. Suppose 3*i = 5*i - q. List the prime factors of i.
2, 3
What are the prime factors of (74/1)/((5/1)/20)?
2, 37
Suppose -r - 3*f + 109 = 0, -2*r + 4*f = 5*f - 218. What are the prime factors of r?
109
Let s(t) = -8*t - 1. Let h be s(-1). What are the prime factors of -4*h*(-3)/6?
2, 7
Let x(q) = q**2 + 5*q + 10. Let j = -14 - -6. List the prime factors of x(j).
2, 17
Suppose 5*q = -2*k + 338, 5*q + 103 + 379 = 3*k. Suppose -3*r - r + k = 0. What are the prime factors of r?
41
Let z = -48 - -126. What are the prime factors of z?
2, 3, 13
Let s = 35 + -33. Let h = 0 - 0. Let g = s - h. List the prime factors of g.
2
Suppose 0*d + 3*d - 3 = -2*j, -5 = -2*j - d. Suppose 2*i - 248 = -2*i + 4*x, j*i - 187 = 2*x. Suppose 5*s = i - 18. List the prime factors of s.
3
Let s be 856/6 - (-2)/(-3). Suppose -s = -4*d + 2. Suppose b + d = 5*b. What are the prime factors of b?
3
Suppose 3*m + 52 = 5*m. Let y be 2/(-8) + m/8. Suppose 2*k - 3*k + 3*o = y, -58 = -4*k - 2*o. What are the prime factors of k?
2, 3
Suppose -4*r + 11 = -3*f, -f - 5*r = -2*r - 5. Let z = f - -11. List the prime factors of z.
2, 5
Suppose 178 = 2*j + 3*y - 163, -j = -2*y - 174. List the prime factors of j.
2, 43
Suppose -2*j - 34 = -4*j + 2*k, -3*k - 87 = -5*j. Suppose 2*u - 5*u + j = 0. What are the prime factors of u?
2, 3
Suppose h - 25 = -4*h. Suppose 12 = h*d - d. Suppose 6*m = d*m + 6. List the prime factors of m.
2
Let t(b) = 4*b - b**2 - 4*b - 2*b. Let g be t(-4). Let h(z) = z**2 + 7*z + 4. List the prime factors of h(g).
2, 3
Let l be (-1)/(-3) - (-50)/30. Let d be 1 - (-8 + 0) - l. Suppose -3*m = -d*m + 16. List the prime factors of m.
2
Let q = -6 - -16. Let c = q - 5. Suppose 0 = -4*b + 3*a + 68 - 15, 0 = 4*b + c*a - 29. List the prime factors of b.
11
Let g be ((-28)/6)/2*3. 